{"id":229,"date":"2017-01-16T17:42:28","date_gmt":"2017-01-16T16:42:28","guid":{"rendered":"http:\/\/asso-annepierjean.fr\/?page_id=229"},"modified":"2017-04-07T10:12:43","modified_gmt":"2017-04-07T08:12:43","slug":"ecrits-autour-de-son-oeuvre","status":"publish","type":"page","link":"https:\/\/asso-annepierjean.fr\/?page_id=229","title":{"rendered":"ECRITS autour de son OEUVRE"},"content":{"rendered":"<pre><span style=\"color: #000080;\">Nous recensons les \u00e9crits autours de son oeuvre, articles, m\u00e9moires d'\u00e9tudes, critiques et autres.<\/span><\/pre>\n<p>&nbsp;<\/p>\n<p><span style=\"text-decoration: underline;\"><a href=\"https:\/\/asso-annepierjean.fr\/wp-content\/uploads\/2017\/01\/Anne-PierJean.pdf\" target=\"_blank\"><span style=\"color: #ff00ff; text-decoration: underline;\">Fran\u00e7oise BOTTINO<\/span> <\/a><\/span>&#8211; ENSB\u00a0 (<em>m\u00e9moire de fin d&rsquo;\u00e9tudes<\/em>)<\/p>\n<p><a href=\"https:\/\/asso-annepierjean.fr\/wp-content\/uploads\/2017\/01\/alain-nesme.jpg\" target=\"_blank\"><span style=\"text-decoration: underline;\"><span style=\"color: #ff00ff; text-decoration: underline;\">Alain NESME<\/span><\/span><\/a>\u00a0&#8211; Un jour, un de mes descendants&#8230;\u00a0 fragments d&rsquo;une biographie imaginaire d&rsquo;Anne PierJean<\/p>\n<p><span style=\"color: #ff99cc;\"><span style=\"color: #ff00ff;\">Louis Pieters<\/span>\u00a0<\/span> &#8211; Vivre le livre &#8211; Actual Quarto &#8211; La presse \u00e0 l&rsquo;\u00e9cole<\/p>\n<p><span style=\"text-decoration: underline;\"><a href=\"https:\/\/asso-annepierjean.fr\/wp-content\/uploads\/2017\/01\/le-gout-d-etre-002.jpg\" target=\"_blank\"><span style=\"color: #ff00ff;\">Gallia Valette-Pilen<\/span><span style=\"color: #ff00ff;\">ko<\/span><\/a>\u00a0<\/span> &#8211;\u00a0le gout d\u2019\u00eatre, \u00a0article de 2002 &#8211; livre &amp; lire<\/p>\n<p>&nbsp;<\/p>\n<p>&nbsp;<\/p>\n","protected":false},"excerpt":{"rendered":"<p>Nous recensons les \u00e9crits autours de son oeuvre, articles, m\u00e9moires d&rsquo;\u00e9tudes, critiques et autres. &nbsp; Fran\u00e7oise BOTTINO &#8211; ENSB\u00a0 (m\u00e9moire de fin d&rsquo;\u00e9tudes) Alain NESME\u00a0&#8211; Un jour, un de mes descendants&#8230;\u00a0 fragments d&rsquo;une biographie imaginaire d&rsquo;Anne PierJean Louis Pieters\u00a0 &#8211; Vivre le livre &#8211; Actual Quarto &#8211; La presse \u00e0 l&rsquo;\u00e9cole Gallia Valette-Pilenko\u00a0 &#8211;\u00a0le gout &hellip; <a href=\"https:\/\/asso-annepierjean.fr\/?page_id=229\" class=\"more-link\">Continuer la lecture de <span class=\"screen-reader-text\">ECRITS autour de son OEUVRE<\/span>  <span class=\"meta-nav\">&rarr;<\/span><\/a><\/p>\n","protected":false},"author":1,"featured_media":0,"parent":0,"menu_order":0,"comment_status":"closed","ping_status":"closed","template":"","meta":{"footnotes":""},"_links":{"self":[{"href":"https:\/\/asso-annepierjean.fr\/index.php?rest_route=\/wp\/v2\/pages\/229"}],"collection":[{"href":"https:\/\/asso-annepierjean.fr\/index.php?rest_route=\/wp\/v2\/pages"}],"about":[{"href":"https:\/\/asso-annepierjean.fr\/index.php?rest_route=\/wp\/v2\/types\/page"}],"author":[{"embeddable":true,"href":"https:\/\/asso-annepierjean.fr\/index.php?rest_route=\/wp\/v2\/users\/1"}],"replies":[{"embeddable":true,"href":"https:\/\/asso-annepierjean.fr\/index.php?rest_route=%2Fwp%2Fv2%2Fcomments&post=229"}],"version-history":[{"count":31,"href":"https:\/\/asso-annepierjean.fr\/index.php?rest_route=\/wp\/v2\/pages\/229\/revisions"}],"predecessor-version":[{"id":735,"href":"https:\/\/asso-annepierjean.fr\/index.php?rest_route=\/wp\/v2\/pages\/229\/revisions\/735"}],"wp:attachment":[{"href":"https:\/\/asso-annepierjean.fr\/index.php?rest_route=%2Fwp%2Fv2%2Fmedia&parent=229"}],"curies":[{"name":"wp","href":"https:\/\/api.w.org\/{rel}","templated":true}]}}