{"id":187,"date":"2017-01-16T16:59:28","date_gmt":"2017-01-16T15:59:28","guid":{"rendered":"http:\/\/asso-annepierjean.fr\/?page_id=187"},"modified":"2017-10-11T07:56:21","modified_gmt":"2017-10-11T05:56:21","slug":"lauteur-pour-enfants","status":"publish","type":"page","link":"https:\/\/asso-annepierjean.fr\/?page_id=187","title":{"rendered":"L&rsquo;AUTEUR pour ENFANTS"},"content":{"rendered":"<p><span style=\"color: #ff00ff;\"><em>page en \u00e9volution qui recense dans les \u00e9crits d&rsquo;Anne Pierjean \u00a0ses r\u00e9flexions \u00e0 propos du roman jeunesse .<\/em><\/span><\/p>\n<p><span style=\"color: #0000ff;\">\u00ab\u00a0Je n&rsquo;ai pas de conception du roman pour enfant, j&rsquo;en ai une sorte de sentiment\u00a0\u00bb<\/span><\/p>\n<p><span style=\"color: #0000ff;\">\u00ab\u00a0je pense sinc\u00e8rement qu&rsquo;on ne peut pas faire de livres pour les enfants sans leur participation\u00a0\u00bb<\/span><\/p>\n<p><span style=\"color: #0000ff;\">\u00ab\u00a0l&rsquo;essentiel se situe bien au-del\u00e0 de la cr\u00e9ation du livre et des motifs, personnels ou non, qui l&rsquo;ont engendr\u00e9. C&rsquo;est pour moi(&#8230;) la rencontre avec un jeune. La rencontre responsable.\u00a0\u00bb <em>Lettre en 1976. au sujet de Paul et Louise.<\/em><\/span><\/p>\n<p><span style=\"color: #000080;\"><em>Dans la revue R\u00e9sonance, D\u00e9cembre 1982<\/em><\/span><\/p>\n<p><span style=\"color: #0000ff;\">\u00ab\u00a0&#8230;Je crois que les mots ont encore des pouvoirs. Le plus possible d\u00e9livr\u00e9s de leur auteur et d&rsquo;eux-m\u00eames, invisiblement accueillis aux r\u00e9sonances receveuses des or\u00e9es de chacun, ils ont pouvoir de na\u00eetre&#8230; Alors, je crois en la simplicit\u00e9 qui aborde partout, \u00e0 la chaleur ineffable qui filtre, en la t\u00e9nuit\u00e9 des images, pour d\u00e9passer le seuil invisible des rencontres. Et je crois en l&rsquo;enfance&#8230; \u00a0Et je dis aux enfants que j&rsquo;ai bien de la chance, que je jette des grains qu&rsquo;on ne distribue pas et dont je peux tout esp\u00e9rer parce qu&rsquo;ils seront ce que sera le sol, que j&rsquo;attends tout de mes lecteurs, avec foi et amour, dans des au-del\u00e0 de contact qui prolongent les mots&#8230;\u00a0\u00bb<\/span><\/p>\n<p><span style=\"color: #000080;\"><span style=\"color: #ff00ff;\"><em>Courrier<\/em> \u00e0<\/span><em><span style=\"color: #ff00ff;\"> une jeune lectrice, V\u00e9ronique<\/span> :<\/em><\/span><\/p>\n<p><span style=\"color: #000080;\"><span style=\"color: #0000ff;\">\u00ab\u00a0Tu as raison, cela vient apparemment tout seul en ce qui concerne mes personnages. A peine cr\u00e9\u00e9s, ils se confient \u00e0 moi, de fa\u00e7on tr\u00e8s d\u00e9termin\u00e9e, je dois le dire, car ils ont une vie tr\u00e8s active et r\u00e9clament mes mots de fa\u00e7on autoritaire. J&rsquo;\u00e9cris, j&rsquo;\u00e9cris, je les suis de mon mieux. Ils vivent sans me consulter \u00e0 ce moment de l&rsquo;\u00e9criture et je ne me sens ici que pour les mots&#8230; Pourtant, nous avons bien d\u00fb obscur\u00e9ment nous accorder au pr\u00e9alable ? Mais lorsque l&rsquo;histoire galope comme un film devant ma plume, je suis entr\u00e9e dans une autre joie: celle de mettre en mots leur aventure, en mots selon mes cadences, ma musique personnelle, mes images intimes peut-etre car, leur vie, je la vois selon moi bien s\u00fbr, je l&rsquo;entends selon moi, bien s\u00fbr aussi, quelle que soit l&rsquo;ind\u00e9pendance de leur histoire.\u00a0\u00bb<\/span><\/span><\/p>\n<p><span style=\"color: #ff00ff;\"><em>\u00ab\u00a0Compte-rendu d&rsquo;une de mes visites, dans un journal scolaire\u00a0\u00bb :<\/em> <\/span><\/p>\n<p><span style=\"color: #0000ff;\">\u00ab\u00a0Anne nous a dit : un auteur produit ses livres comme un pommier produit des pommes. Certaines ann\u00e9es il n&rsquo;y a pas de pommes parce qu&rsquo;il y a eu du gel et du vent, du mauvais temps dans la vie du pommier.\u00a0\u00bb<\/span><\/p>\n<p><span style=\"color: #ff00ff;\"><strong>de l&rsquo;institutrice \u00e0 l&rsquo;auteur pour enfants<\/strong><\/span><\/p>\n<p><span style=\"color: #ff00ff;\">r\u00e9ponse \u00e0 Marie \u00e0 qui APJ \u00e9crit par le CDI (1991 ou 93 ):<\/span><\/p>\n<p><span style=\"color: #0000ff;\">Bonjour Marie, je pense qu&rsquo;il est urgent que je te parle de mes techniques d&rsquo;\u00e9criture (si j&rsquo;en ai!) puisque tu \u00e9tudies cela en classe.<\/span><br \/>\n<span style=\"color: #0000ff;\">C&rsquo;est pour moi un peu difficile de r\u00e9pondre \u00e0 cette question car je ne combine rien, je ne pr\u00e9vois pas, je cueille ce qui vient.<br \/>\n<\/span><br \/>\n<span style=\"color: #0000ff;\">En apparence je suis le pommier. Il fait des pommes -va-t-en savoir comment!- on cueille les pommes, s&rsquo;il y en a, on les aime ou on ne les<\/span> <span style=\"color: #0000ff;\">aime pas, mais les pommes sont l\u00e0 parce que le pommier est un pommier et qu&rsquo;il ne peut pas moins faire que donner des pommes!<\/span><br \/>\n<span style=\"color: #0000ff;\">Des choses l&rsquo;aident : le terreau, le soleil, la pluie, mais le processus qui va de la fleur au fruit se constate et ne s&rsquo;explique pas.<\/span><br \/>\n<span style=\"color: #0000ff;\">Donc je fais comme le pommier apparemment !<\/span><br \/>\n<span style=\"color: #0000ff;\">Mais si je r\u00e9fl\u00e9chis, je peux dire <em>mes <\/em>\u00e9tapes qui me m\u00e8nent d&rsquo;une pens\u00e9e<em> \u00ab\u00a0comme \u00e7a\u00a0\u00bb\u00a0<\/em>au livre \u00e9dit\u00e9.<\/span><\/p>\n<p><span style=\"color: #0000ff;\">Comment vient l&rsquo;id\u00e9e ? Myst\u00e8re ! j&rsquo;en ai beaucoup, beaucoup, que je n&rsquo;\u00e9crirai jamais parce que je n&rsquo;ai pas le temps ou parce que le sujet cesse de m&rsquo;int\u00e9resser.<\/span><\/p>\n<p><span style=\"color: #0000ff;\">Comment le personnage (qui insiste dans ma t\u00eate) arrive \u00e0 se faire donner une histoire de ma part ? C&rsquo;est un peu myst\u00e9rieux aussi.<\/span><br \/>\n<span style=\"color: #0000ff;\">Mais il insiste, il devient pressant et comme j&rsquo;aime \u00e9crire, je le mets en route dans un premier chapitre o\u00f9 il \u00ab\u00a0na\u00eet\u00a0\u00bb&#8230; \u00e7a ne veut pas dire<\/span> <span style=\"color: #0000ff;\">que je le prends \u00e0 l&rsquo;enfance !<\/span><br \/>\n<span style=\"color: #0000ff;\">Apr\u00e8s, souvent, je marque un temps d&rsquo;arr\u00eat. Et puis des choses arrivent pour mon personnage.L&rsquo;action est en route, elle va jusqu&rsquo;au bout en g\u00e9n\u00e9ral (si j&rsquo;en ai le tem<\/span><span style=\"color: #0000ff;\">ps, la sant\u00e9, si je peux m&rsquo;y consacrer). <strong>Inventer une histoire et la garder en t\u00eate, c&rsquo;est facile mais l&rsquo;\u00e9crire, c&rsquo;est long et demande de la concentration.<\/strong><\/span><\/p>\n<p><span style=\"color: #0000ff;\">Mais \u00e9crire donne deux joies :<\/span><br \/>\n<span style=\"color: #0000ff;\">La premi\u00e8re de cr\u00e9er une histoire<\/span><br \/>\n<span style=\"color: #0000ff;\">la seconde est d&rsquo;arriver \u00e0 la donner aux autres par des mots le plus valables possible.<\/span><br \/>\n<span style=\"color: #0000ff;\">(quant \u00e0 la troisi\u00e8me ! elles est ineffable : c&rsquo;est celle d&rsquo;\u00eatre unie \u00e0 des lecteurs PAR ses personnages. D&rsquo;en recevoir des nouvelles. D&rsquo;\u00e9changer avec les lecteurs, la chaleur et l&rsquo;amiti\u00e9).<\/span><\/p>\n<p><span style=\"color: #0000ff;\">Voil\u00e0 Marie, je t&rsquo;ai r\u00e9pondu tr\u00e8s h\u00e2tivement mais je suis toute pr\u00eate \u00e0 r\u00e9pondre \u00e0 des questions plus pr\u00e9cises.<\/span><br \/>\n<span style=\"color: #0000ff;\">Si cela t&rsquo;int\u00e9resse (ou int\u00e9resse ta classe), je peux te dire que sur la trentaine de livres \u00e9crits, aucun n&rsquo;est venu de la m\u00eame fa\u00e7on. Chacun a eu <strong>SA<\/strong> technique pour na\u00eetre. Moi, j&rsquo;ai <strong>favoris\u00e9,<\/strong> j&rsquo;ai c<strong>ueilli\u00a0<\/strong>et j&rsquo;ai <strong>apprivois\u00e9<\/strong> les mots pour te les donner de mon mieux, en histoires que tu peux aimer&#8230;<\/span><br \/>\n<span style=\"color: #0000ff;\">C&rsquo;est comme \u00e7a que j&rsquo;aime \u00e9crire. Je ne me force jamais \u00e0 finir quelque chose. Je n&rsquo;accepte jamais d&rsquo;\u00e9crire une suite \u00e0 un livre qui \u00ab\u00a0marche\u00a0\u00bb : <strong>j&rsquo;aime cueillir avec joie ce qui vient.<br \/>\nEcrire, pour moi, est une joie,ce<\/strong> n&rsquo;est<strong> pas un travail,\u00a0<\/strong>m\u00eame si je suis \u00e9puis\u00e9e par cette joie \u00e0 la fin d&rsquo;un livre !<\/span><\/p>\n<p><span style=\"color: #ff00ff;\">\u00e0 une autre jeune lectrice, en Juin 1993 :<\/span><\/p>\n<p><span style=\"color: #0000ff;\">\u00ab\u00a0mes personnages sont le lien entre toi et moi, mes lecteurs et moi.<\/span><br \/>\n<span style=\"color: #0000ff;\">Et que je suis heureuse de n&rsquo;avoir jamais \u00ab\u00a0ren\u00e2cl\u00e9\u00a0\u00bb devant la correspondance, de l&rsquo;avoir privil\u00e9gi\u00e9e (de l&rsquo;avoir fait passer avant les livres) parce qu&rsquo;elle AJUSTE la rencontre auteur-lecteur. Elle la personnalise. Elle en fait un lien affectif. Elle me donne beaucoup de douceur \u00e0 \u00e9voquer tout le temps consacr\u00e9 \u00e0 elle. Et elle me maintient dans cette douceur puisque cette correspondance continue toujours.<\/span><\/p>\n<h4><span style=\"color: #ff00ff;\">les personnages, le lien entre auteur et lecteurs<\/span><\/h4>\n<p><span style=\"color: #ff00ff;\">APJ:<\/span><\/p>\n<pre><span style=\"color: #0000ff;\">Voil\u00e0 que (cela m'est arriv\u00e9 plusieurs fois) C. m'\u00e9crit : elle avait lu Le temps de Julie \u00e0 15 ans. Puis elles 'est mari\u00e9e et a \u00e9prouv\u00e9 le besoin de le relire.Et elle m'affirme qu'elle a compris Julie \u00e0 un autre niveau, que, du coup, elle ressent la guerre dans son coeur et son corps, v\u00e9ritablement. Elle comprend mieux Le temps de Julie et il faut qu'elle me le dise.C. est devenue une grande sans oublier Julie, sans m'oublier (puisqu'elle m'\u00e9crit)...J'en ai une immense et ineffable joie..\r\nJe cite C. mais il y en a tant d'autres... <\/span><\/pre>\n<pre><span style=\"color: #0000ff;\">MC. m'a \"toute relue\" dit-elle en attendant ses jumeaux, \"de peur de n'avoir plus le temps apr\u00e8s\" ... Et mes personnages sont devenus les parrains et marraines de quelques petits : je re\u00e7ois d'adorables photos d'une petite Lo\u00efse (dont la maman aimait Lo\u00efse en sabots) d'une Sandrine (Cf Steve et le chien Sorcier). Je ne les connais pas : c'est une affaire entre mes personnages et mes lecteurs, mais ils me l'\u00e9crivent et j'en suis touch\u00e9e.<\/span><\/pre>\n<pre><span style=\"color: #0000ff;\">Un autre de mes personnages a toujours suscit\u00e9 beaucoup de messages tendres dans mon courrier, c'est Marika. Je pense que beaucoup d'enfants se reconnaissent dans ma sauvageonne. D'autres adorent Chris. Une L. de 12 ans m'\u00e9crit \"je suis amoureuse de Chris\".<\/span><\/pre>\n<pre><span style=\"color: #0000ff;\">Gr\u00e2ce \u00e0 vous mes personnages me tiennent doucement compagnie et me parlent de vos lettres et de vous.<\/span><\/pre>\n<p>&nbsp;<\/p>\n<p>&nbsp;<\/p>\n","protected":false},"excerpt":{"rendered":"<p>page en \u00e9volution qui recense dans les \u00e9crits d&rsquo;Anne Pierjean \u00a0ses r\u00e9flexions \u00e0 propos du roman jeunesse . \u00ab\u00a0Je n&rsquo;ai pas de conception du roman pour enfant, j&rsquo;en ai une sorte de sentiment\u00a0\u00bb \u00ab\u00a0je pense sinc\u00e8rement qu&rsquo;on ne peut pas faire de livres pour les enfants sans leur participation\u00a0\u00bb \u00ab\u00a0l&rsquo;essentiel se situe bien au-del\u00e0 de &hellip; <a href=\"https:\/\/asso-annepierjean.fr\/?page_id=187\" class=\"more-link\">Continuer la lecture de <span class=\"screen-reader-text\">L&rsquo;AUTEUR pour ENFANTS<\/span>  <span class=\"meta-nav\">&rarr;<\/span><\/a><\/p>\n","protected":false},"author":1,"featured_media":0,"parent":0,"menu_order":0,"comment_status":"closed","ping_status":"closed","template":"","meta":{"footnotes":""},"_links":{"self":[{"href":"https:\/\/asso-annepierjean.fr\/index.php?rest_route=\/wp\/v2\/pages\/187"}],"collection":[{"href":"https:\/\/asso-annepierjean.fr\/index.php?rest_route=\/wp\/v2\/pages"}],"about":[{"href":"https:\/\/asso-annepierjean.fr\/index.php?rest_route=\/wp\/v2\/types\/page"}],"author":[{"embeddable":true,"href":"https:\/\/asso-annepierjean.fr\/index.php?rest_route=\/wp\/v2\/users\/1"}],"replies":[{"embeddable":true,"href":"https:\/\/asso-annepierjean.fr\/index.php?rest_route=%2Fwp%2Fv2%2Fcomments&post=187"}],"version-history":[{"count":20,"href":"https:\/\/asso-annepierjean.fr\/index.php?rest_route=\/wp\/v2\/pages\/187\/revisions"}],"predecessor-version":[{"id":1353,"href":"https:\/\/asso-annepierjean.fr\/index.php?rest_route=\/wp\/v2\/pages\/187\/revisions\/1353"}],"wp:attachment":[{"href":"https:\/\/asso-annepierjean.fr\/index.php?rest_route=%2Fwp%2Fv2%2Fmedia&parent=187"}],"curies":[{"name":"wp","href":"https:\/\/api.w.org\/{rel}","templated":true}]}}

<p><span style="color: #ff00ff;"><em>page en évolution qui recense dans les écrits d&rsquo;Anne Pierjean  ses réflexions à propos du roman jeunesse .</em></span></p>
<p><span style="color: #0000ff;">« Je n&rsquo;ai pas de conception du roman pour enfant, j&rsquo;en ai une sorte de sentiment »</span></p>
<p><span style="color: #0000ff;">« je pense sincèrement qu&rsquo;on ne peut pas faire de livres pour les enfants sans leur participation »</span></p>
<p><span style="color: #0000ff;">« l&rsquo;essentiel se situe bien au-delà de la création du livre et des motifs, personnels ou non, qui l&rsquo;ont engendré. C&rsquo;est pour moi(&#8230;) la rencontre avec un jeune. La rencontre responsable. » <em>Lettre en 1976. au sujet de Paul et Louise.</em></span></p>
<p><span style="color: #000080;"><em>Dans la revue Résonance, Décembre 1982</em></span></p>
<p><span style="color: #0000ff;">« &#8230;Je crois que les mots ont encore des pouvoirs. Le plus possible délivrés de leur auteur et d&rsquo;eux-mêmes, invisiblement accueillis aux résonances receveuses des orées de chacun, ils ont pouvoir de naître&#8230; Alors, je crois en la simplicité qui aborde partout, à la chaleur ineffable qui filtre, en la ténuité des images, pour dépasser le seuil invisible des rencontres. Et je crois en l&rsquo;enfance&#8230;  Et je dis aux enfants que j&rsquo;ai bien de la chance, que je jette des grains qu&rsquo;on ne distribue pas et dont je peux tout espérer parce qu&rsquo;ils seront ce que sera le sol, que j&rsquo;attends tout de mes lecteurs, avec foi et amour, dans des au-delà de contact qui prolongent les mots&#8230; »</span></p>
<p><span style="color: #000080;"><span style="color: #ff00ff;"><em>Courrier</em> à</span><em><span style="color: #ff00ff;"> une jeune lectrice, Véronique</span> :</em></span></p>
<p><span style="color: #000080;"><span style="color: #0000ff;">« Tu as raison, cela vient apparemment tout seul en ce qui concerne mes personnages. A peine créés, ils se confient à moi, de façon très déterminée, je dois le dire, car ils ont une vie très active et réclament mes mots de façon autoritaire. J&rsquo;écris, j&rsquo;écris, je les suis de mon mieux. Ils vivent sans me consulter à ce moment de l&rsquo;écriture et je ne me sens ici que pour les mots&#8230; Pourtant, nous avons bien dû obscurément nous accorder au préalable ? Mais lorsque l&rsquo;histoire galope comme un film devant ma plume, je suis entrée dans une autre joie: celle de mettre en mots leur aventure, en mots selon mes cadences, ma musique personnelle, mes images intimes peut-etre car, leur vie, je la vois selon moi bien sûr, je l&rsquo;entends selon moi, bien sûr aussi, quelle que soit l&rsquo;indépendance de leur histoire. »</span></span></p>
<p><span style="color: #ff00ff;"><em>« Compte-rendu d&rsquo;une de mes visites, dans un journal scolaire » :</em> </span></p>
<p><span style="color: #0000ff;">« Anne nous a dit : un auteur produit ses livres comme un pommier produit des pommes. Certaines années il n&rsquo;y a pas de pommes parce qu&rsquo;il y a eu du gel et du vent, du mauvais temps dans la vie du pommier. »</span></p>
<p><span style="color: #ff00ff;"><strong>de l&rsquo;institutrice à l&rsquo;auteur pour enfants</strong></span></p>
<p><span style="color: #ff00ff;">réponse à Marie à qui APJ écrit par le CDI (1991 ou 93 ):</span></p>
<p><span style="color: #0000ff;">Bonjour Marie, je pense qu&rsquo;il est urgent que je te parle de mes techniques d&rsquo;écriture (si j&rsquo;en ai!) puisque tu étudies cela en classe.</span><br />
<span style="color: #0000ff;">C&rsquo;est pour moi un peu difficile de répondre à cette question car je ne combine rien, je ne prévois pas, je cueille ce qui vient.<br />
</span><br />
<span style="color: #0000ff;">En apparence je suis le pommier. Il fait des pommes -va-t-en savoir comment!- on cueille les pommes, s&rsquo;il y en a, on les aime ou on ne les</span> <span style="color: #0000ff;">aime pas, mais les pommes sont là parce que le pommier est un pommier et qu&rsquo;il ne peut pas moins faire que donner des pommes!</span><br />
<span style="color: #0000ff;">Des choses l&rsquo;aident : le terreau, le soleil, la pluie, mais le processus qui va de la fleur au fruit se constate et ne s&rsquo;explique pas.</span><br />
<span style="color: #0000ff;">Donc je fais comme le pommier apparemment !</span><br />
<span style="color: #0000ff;">Mais si je réfléchis, je peux dire <em>mes </em>étapes qui me mènent d&rsquo;une pensée<em> « comme ça » </em>au livre édité.</span></p>
<p><span style="color: #0000ff;">Comment vient l&rsquo;idée ? Mystère ! j&rsquo;en ai beaucoup, beaucoup, que je n&rsquo;écrirai jamais parce que je n&rsquo;ai pas le temps ou parce que le sujet cesse de m&rsquo;intéresser.</span></p>
<p><span style="color: #0000ff;">Comment le personnage (qui insiste dans ma tête) arrive à se faire donner une histoire de ma part ? C&rsquo;est un peu mystérieux aussi.</span><br />
<span style="color: #0000ff;">Mais il insiste, il devient pressant et comme j&rsquo;aime écrire, je le mets en route dans un premier chapitre où il « naît »&#8230; ça ne veut pas dire</span> <span style="color: #0000ff;">que je le prends à l&rsquo;enfance !</span><br />
<span style="color: #0000ff;">Après, souvent, je marque un temps d&rsquo;arrêt. Et puis des choses arrivent pour mon personnage.L&rsquo;action est en route, elle va jusqu&rsquo;au bout en général (si j&rsquo;en ai le tem</span><span style="color: #0000ff;">ps, la santé, si je peux m&rsquo;y consacrer). <strong>Inventer une histoire et la garder en tête, c&rsquo;est facile mais l&rsquo;écrire, c&rsquo;est long et demande de la concentration.</strong></span></p>
<p><span style="color: #0000ff;">Mais écrire donne deux joies :</span><br />
<span style="color: #0000ff;">La première de créer une histoire</span><br />
<span style="color: #0000ff;">la seconde est d&rsquo;arriver à la donner aux autres par des mots le plus valables possible.</span><br />
<span style="color: #0000ff;">(quant à la troisième ! elles est ineffable : c&rsquo;est celle d&rsquo;être unie à des lecteurs PAR ses personnages. D&rsquo;en recevoir des nouvelles. D&rsquo;échanger avec les lecteurs, la chaleur et l&rsquo;amitié).</span></p>
<p><span style="color: #0000ff;">Voilà Marie, je t&rsquo;ai répondu très hâtivement mais je suis toute prête à répondre à des questions plus précises.</span><br />
<span style="color: #0000ff;">Si cela t&rsquo;intéresse (ou intéresse ta classe), je peux te dire que sur la trentaine de livres écrits, aucun n&rsquo;est venu de la même façon. Chacun a eu <strong>SA</strong> technique pour naître. Moi, j&rsquo;ai <strong>favorisé,</strong> j&rsquo;ai c<strong>ueilli </strong>et j&rsquo;ai <strong>apprivoisé</strong> les mots pour te les donner de mon mieux, en histoires que tu peux aimer&#8230;</span><br />
<span style="color: #0000ff;">C&rsquo;est comme ça que j&rsquo;aime écrire. Je ne me force jamais à finir quelque chose. Je n&rsquo;accepte jamais d&rsquo;écrire une suite à un livre qui « marche » : <strong>j&rsquo;aime cueillir avec joie ce qui vient.<br />
Ecrire, pour moi, est une joie,ce</strong> n&rsquo;est<strong> pas un travail, </strong>même si je suis épuisée par cette joie à la fin d&rsquo;un livre !</span></p>
<p><span style="color: #ff00ff;">à une autre jeune lectrice, en Juin 1993 :</span></p>
<p><span style="color: #0000ff;">« mes personnages sont le lien entre toi et moi, mes lecteurs et moi.</span><br />
<span style="color: #0000ff;">Et que je suis heureuse de n&rsquo;avoir jamais « renâclé » devant la correspondance, de l&rsquo;avoir privilégiée (de l&rsquo;avoir fait passer avant les livres) parce qu&rsquo;elle AJUSTE la rencontre auteur-lecteur. Elle la personnalise. Elle en fait un lien affectif. Elle me donne beaucoup de douceur à évoquer tout le temps consacré à elle. Et elle me maintient dans cette douceur puisque cette correspondance continue toujours.</span></p>
<h4><span style="color: #ff00ff;">les personnages, le lien entre auteur et lecteurs</span></h4>
<p><span style="color: #ff00ff;">APJ:</span></p>
<pre><span style="color: #0000ff;">Voilà que (cela m'est arrivé plusieurs fois) C. m'écrit : elle avait lu Le temps de Julie à 15 ans. Puis elles 'est mariée et a éprouvé le besoin de le relire.Et elle m'affirme qu'elle a compris Julie à un autre niveau, que, du coup, elle ressent la guerre dans son coeur et son corps, véritablement. Elle comprend mieux Le temps de Julie et il faut qu'elle me le dise.C. est devenue une grande sans oublier Julie, sans m'oublier (puisqu'elle m'écrit)...J'en ai une immense et ineffable joie..
Je cite C. mais il y en a tant d'autres... </span></pre>
<pre><span style="color: #0000ff;">MC. m'a "toute relue" dit-elle en attendant ses jumeaux, "de peur de n'avoir plus le temps après" ... Et mes personnages sont devenus les parrains et marraines de quelques petits : je reçois d'adorables photos d'une petite Loïse (dont la maman aimait Loïse en sabots) d'une Sandrine (Cf Steve et le chien Sorcier). Je ne les connais pas : c'est une affaire entre mes personnages et mes lecteurs, mais ils me l'écrivent et j'en suis touchée.</span></pre>
<pre><span style="color: #0000ff;">Un autre de mes personnages a toujours suscité beaucoup de messages tendres dans mon courrier, c'est Marika. Je pense que beaucoup d'enfants se reconnaissent dans ma sauvageonne. D'autres adorent Chris. Une L. de 12 ans m'écrit "je suis amoureuse de Chris".</span></pre>
<pre><span style="color: #0000ff;">Grâce à vous mes personnages me tiennent doucement compagnie et me parlent de vos lettres et de vous.</span></pre>
<p>&nbsp;</p>
<p>&nbsp;</p>

<p>page en évolution qui recense dans les écrits d&rsquo;Anne Pierjean  ses réflexions à propos du roman jeunesse . « Je n&rsquo;ai pas de conception du roman pour enfant, j&rsquo;en ai une sorte de sentiment » « je pense sincèrement qu&rsquo;on ne peut pas faire de livres pour les enfants sans leur participation » « l&rsquo;essentiel se situe bien au-delà de &hellip; <a href="https://asso-annepierjean.fr/?page_id=187" class="more-link">Continuer la lecture de <span class="screen-reader-text">L&rsquo;AUTEUR pour ENFANTS</span>  <span class="meta-nav">&rarr;</span></a></p>
